{"id":1635,"date":"2018-01-11T12:05:55","date_gmt":"2018-01-11T12:05:55","guid":{"rendered":"https:\/\/www.mercabilbao.eus\/conseil-dadministration\/"},"modified":"2026-03-24T13:35:44","modified_gmt":"2026-03-24T12:35:44","slug":"conseil-dadministration","status":"publish","type":"page","link":"https:\/\/www.mercabilbao.eus\/fr\/presentation\/conseil-dadministration\/","title":{"rendered":"Conseil d\u2019Administration"},"content":{"rendered":"<p><center><img loading=\"lazy\" decoding=\"async\" class=\"aligncenter size-full wp-image-4851\" src=\"https:\/\/www.mercabilbao.eus\/wp-content\/uploads\/2023\/03\/Organos-FR.png\" alt=\"\" width=\"700\" height=\"600\" \/><\/center><\/p>\n<h2>Conseil d&rsquo;administration<\/h2>\n<p>&nbsp;<\/p>\n<ul>\n<li><b>Pr\u00e9sident :<\/b> L&rsquo;honorable Sr. Don Juan Mar\u00eda Aburto Rique<\/li>\n<li><b>Premier Vice-pr\u00e9sident :<\/b> Do\u00f1a Clara Valtue\u00f1a Heredia<\/li>\n<li><b>Vice-pr\u00e9sident Adjoint :<\/b> Do\u00f1a Kontxi Claver Zurro<\/li>\n<\/ul>\n<h2>Membres<\/h2>\n<ul>\n<li>Don Asier Abaunza Robles<\/li>\n<li>Do\u00f1a Marta Ajuria Arribas<\/li>\n<li>Do\u00f1a Yolanda D\u00edez S\u00e1inz<\/li>\n<li>Don Javier Garcinu\u00f1o Zabala<\/li>\n<li>Do\u00f1a Mar\u00eda Jos\u00e9 Per\u00e9z Ruiz<\/li>\n<li>Do\u00f1a Laura Torre \u00c1lvarez<\/li>\n<li>Do\u00f1a Mar\u00eda Isabel Balbuena Jim\u00e9nez<\/li>\n<\/ul>\n<p>&nbsp;<\/p>\n<hr \/>\n<h2><\/h2>\n<ul>\n<li><strong>Secr\u00e9taire:<\/strong> Don Gonzalo Ruiz de Aizpuru<\/li>\n<li><strong>Directeur General:<\/strong> Don Aitor Argote Ib\u00e1\u00f1ez<\/li>\n<\/ul>\n","protected":false},"excerpt":{"rendered":"<p>Conseil d&rsquo;administration &nbsp; Pr\u00e9sident : L&rsquo;honorable Sr. Don Juan Mar\u00eda Aburto Rique Premier Vice-pr\u00e9sident : Do\u00f1a Clara Valtue\u00f1a Heredia Vice-pr\u00e9sident Adjoint : Do\u00f1a Kontxi Claver Zurro Membres Don Asier Abaunza [&hellip;]<\/p>\n","protected":false},"author":1,"featured_media":0,"parent":1638,"menu_order":30,"comment_status":"closed","ping_status":"closed","template":"page-sidebar.php","meta":{"footnotes":""},"class_list":["post-1635","page","type-page","status-publish","hentry"],"yoast_head":"<!-- This site is optimized with the Yoast SEO plugin v19.3 - https:\/\/yoast.com\/wordpress\/plugins\/seo\/ -->\n<title>Conseil d\u2019Administration - Mercabilbao<\/title>\n<meta name=\"robots\" content=\"index, follow, max-snippet:-1, max-image-preview:large, max-video-preview:-1\" \/>\n<link rel=\"canonical\" href=\"https:\/\/www.mercabilbao.eus\/fr\/presentation\/conseil-dadministration\/\" \/>\n<meta property=\"og:locale\" content=\"fr_FR\" \/>\n<meta property=\"og:type\" content=\"article\" \/>\n<meta property=\"og:title\" content=\"Conseil d\u2019Administration - Mercabilbao\" \/>\n<meta property=\"og:description\" content=\"Conseil d&rsquo;administration &nbsp; Pr\u00e9sident : L&rsquo;honorable Sr. Don Juan Mar\u00eda Aburto Rique Premier Vice-pr\u00e9sident : Do\u00f1a Clara Valtue\u00f1a Heredia Vice-pr\u00e9sident Adjoint : Do\u00f1a Kontxi Claver Zurro Membres Don Asier Abaunza [&hellip;]\" \/>\n<meta property=\"og:url\" content=\"https:\/\/www.mercabilbao.eus\/fr\/presentation\/conseil-dadministration\/\" \/>\n<meta property=\"og:site_name\" content=\"Mercabilbao\" \/>\n<meta property=\"article:modified_time\" content=\"2026-03-24T12:35:44+00:00\" \/>\n<meta property=\"og:image\" content=\"https:\/\/www.mercabilbao.eus\/wp-content\/uploads\/2023\/03\/Organos-FR.png\" \/>\n<meta name=\"twitter:card\" content=\"summary_large_image\" \/>\n<meta name=\"twitter:label1\" content=\"Dur\u00e9e de lecture estim\u00e9e\" \/>\n\t<meta name=\"twitter:data1\" content=\"1 minute\" \/>\n<script type=\"application\/ld+json\" class=\"yoast-schema-graph\">{\"@context\":\"https:\/\/schema.org\",\"@graph\":[{\"@type\":\"WebSite\",\"@id\":\"https:\/\/www.mercabilbao.eus\/fr\/#website\",\"url\":\"https:\/\/www.mercabilbao.eus\/fr\/\",\"name\":\"Mercabilbao\",\"description\":\"Mercabilbao es el mayor centro de distribuci\u00f3n de alimentos perecederos del Norte de la Pen\u00ednsula Ib\u00e9rica.\",\"potentialAction\":[{\"@type\":\"SearchAction\",\"target\":{\"@type\":\"EntryPoint\",\"urlTemplate\":\"https:\/\/www.mercabilbao.eus\/fr\/?s={search_term_string}\"},\"query-input\":\"required name=search_term_string\"}],\"inLanguage\":\"fr-FR\"},{\"@type\":\"ImageObject\",\"inLanguage\":\"fr-FR\",\"@id\":\"https:\/\/www.mercabilbao.eus\/fr\/presentation\/conseil-dadministration\/#primaryimage\",\"url\":\"https:\/\/www.mercabilbao.eus\/wp-content\/uploads\/2023\/03\/Organos-FR.png\",\"contentUrl\":\"https:\/\/www.mercabilbao.eus\/wp-content\/uploads\/2023\/03\/Organos-FR.png\",\"width\":885,\"height\":610},{\"@type\":\"WebPage\",\"@id\":\"https:\/\/www.mercabilbao.eus\/fr\/presentation\/conseil-dadministration\/\",\"url\":\"https:\/\/www.mercabilbao.eus\/fr\/presentation\/conseil-dadministration\/\",\"name\":\"Conseil d\u2019Administration - Mercabilbao\",\"isPartOf\":{\"@id\":\"https:\/\/www.mercabilbao.eus\/fr\/#website\"},\"primaryImageOfPage\":{\"@id\":\"https:\/\/www.mercabilbao.eus\/fr\/presentation\/conseil-dadministration\/#primaryimage\"},\"datePublished\":\"2018-01-11T12:05:55+00:00\",\"dateModified\":\"2026-03-24T12:35:44+00:00\",\"breadcrumb\":{\"@id\":\"https:\/\/www.mercabilbao.eus\/fr\/presentation\/conseil-dadministration\/#breadcrumb\"},\"inLanguage\":\"fr-FR\",\"potentialAction\":[{\"@type\":\"ReadAction\",\"target\":[\"https:\/\/www.mercabilbao.eus\/fr\/presentation\/conseil-dadministration\/\"]}]},{\"@type\":\"BreadcrumbList\",\"@id\":\"https:\/\/www.mercabilbao.eus\/fr\/presentation\/conseil-dadministration\/#breadcrumb\",\"itemListElement\":[{\"@type\":\"ListItem\",\"position\":1,\"name\":\"Portada\",\"item\":\"https:\/\/www.mercabilbao.eus\/fr\/\"},{\"@type\":\"ListItem\",\"position\":2,\"name\":\"Pr\u00e9sentation\",\"item\":\"https:\/\/www.mercabilbao.eus\/fr\/presentation\/\"},{\"@type\":\"ListItem\",\"position\":3,\"name\":\"Conseil d\u2019Administration\"}]}]}<\/script>\n<!-- \/ Yoast SEO plugin. -->","yoast_head_json":{"title":"Conseil d\u2019Administration - Mercabilbao","robots":{"index":"index","follow":"follow","max-snippet":"max-snippet:-1","max-image-preview":"max-image-preview:large","max-video-preview":"max-video-preview:-1"},"canonical":"https:\/\/www.mercabilbao.eus\/fr\/presentation\/conseil-dadministration\/","og_locale":"fr_FR","og_type":"article","og_title":"Conseil d\u2019Administration - Mercabilbao","og_description":"Conseil d&rsquo;administration &nbsp; Pr\u00e9sident : L&rsquo;honorable Sr. Don Juan Mar\u00eda Aburto Rique Premier Vice-pr\u00e9sident : Do\u00f1a Clara Valtue\u00f1a Heredia Vice-pr\u00e9sident Adjoint : Do\u00f1a Kontxi Claver Zurro Membres Don Asier Abaunza [&hellip;]","og_url":"https:\/\/www.mercabilbao.eus\/fr\/presentation\/conseil-dadministration\/","og_site_name":"Mercabilbao","article_modified_time":"2026-03-24T12:35:44+00:00","og_image":[{"url":"https:\/\/www.mercabilbao.eus\/wp-content\/uploads\/2023\/03\/Organos-FR.png"}],"twitter_card":"summary_large_image","twitter_misc":{"Dur\u00e9e de lecture estim\u00e9e":"1 minute"},"schema":{"@context":"https:\/\/schema.org","@graph":[{"@type":"WebSite","@id":"https:\/\/www.mercabilbao.eus\/fr\/#website","url":"https:\/\/www.mercabilbao.eus\/fr\/","name":"Mercabilbao","description":"Mercabilbao es el mayor centro de distribuci\u00f3n de alimentos perecederos del Norte de la Pen\u00ednsula Ib\u00e9rica.","potentialAction":[{"@type":"SearchAction","target":{"@type":"EntryPoint","urlTemplate":"https:\/\/www.mercabilbao.eus\/fr\/?s={search_term_string}"},"query-input":"required name=search_term_string"}],"inLanguage":"fr-FR"},{"@type":"ImageObject","inLanguage":"fr-FR","@id":"https:\/\/www.mercabilbao.eus\/fr\/presentation\/conseil-dadministration\/#primaryimage","url":"https:\/\/www.mercabilbao.eus\/wp-content\/uploads\/2023\/03\/Organos-FR.png","contentUrl":"https:\/\/www.mercabilbao.eus\/wp-content\/uploads\/2023\/03\/Organos-FR.png","width":885,"height":610},{"@type":"WebPage","@id":"https:\/\/www.mercabilbao.eus\/fr\/presentation\/conseil-dadministration\/","url":"https:\/\/www.mercabilbao.eus\/fr\/presentation\/conseil-dadministration\/","name":"Conseil d\u2019Administration - Mercabilbao","isPartOf":{"@id":"https:\/\/www.mercabilbao.eus\/fr\/#website"},"primaryImageOfPage":{"@id":"https:\/\/www.mercabilbao.eus\/fr\/presentation\/conseil-dadministration\/#primaryimage"},"datePublished":"2018-01-11T12:05:55+00:00","dateModified":"2026-03-24T12:35:44+00:00","breadcrumb":{"@id":"https:\/\/www.mercabilbao.eus\/fr\/presentation\/conseil-dadministration\/#breadcrumb"},"inLanguage":"fr-FR","potentialAction":[{"@type":"ReadAction","target":["https:\/\/www.mercabilbao.eus\/fr\/presentation\/conseil-dadministration\/"]}]},{"@type":"BreadcrumbList","@id":"https:\/\/www.mercabilbao.eus\/fr\/presentation\/conseil-dadministration\/#breadcrumb","itemListElement":[{"@type":"ListItem","position":1,"name":"Portada","item":"https:\/\/www.mercabilbao.eus\/fr\/"},{"@type":"ListItem","position":2,"name":"Pr\u00e9sentation","item":"https:\/\/www.mercabilbao.eus\/fr\/presentation\/"},{"@type":"ListItem","position":3,"name":"Conseil d\u2019Administration"}]}]}},"_links":{"self":[{"href":"https:\/\/www.mercabilbao.eus\/fr\/wp-json\/wp\/v2\/pages\/1635","targetHints":{"allow":["GET"]}}],"collection":[{"href":"https:\/\/www.mercabilbao.eus\/fr\/wp-json\/wp\/v2\/pages"}],"about":[{"href":"https:\/\/www.mercabilbao.eus\/fr\/wp-json\/wp\/v2\/types\/page"}],"author":[{"embeddable":true,"href":"https:\/\/www.mercabilbao.eus\/fr\/wp-json\/wp\/v2\/users\/1"}],"replies":[{"embeddable":true,"href":"https:\/\/www.mercabilbao.eus\/fr\/wp-json\/wp\/v2\/comments?post=1635"}],"version-history":[{"count":8,"href":"https:\/\/www.mercabilbao.eus\/fr\/wp-json\/wp\/v2\/pages\/1635\/revisions"}],"predecessor-version":[{"id":5712,"href":"https:\/\/www.mercabilbao.eus\/fr\/wp-json\/wp\/v2\/pages\/1635\/revisions\/5712"}],"up":[{"embeddable":true,"href":"https:\/\/www.mercabilbao.eus\/fr\/wp-json\/wp\/v2\/pages\/1638"}],"wp:attachment":[{"href":"https:\/\/www.mercabilbao.eus\/fr\/wp-json\/wp\/v2\/media?parent=1635"}],"curies":[{"name":"wp","href":"https:\/\/api.w.org\/{rel}","templated":true}]}}

<p><center><img loading="lazy" decoding="async" class="aligncenter size-full wp-image-4851" src="https://www.mercabilbao.eus/wp-content/uploads/2023/03/Organos-FR.png" alt="" width="700" height="600" /></center></p>
<h2>Conseil d&rsquo;administration</h2>
<p>&nbsp;</p>
<ul>
<li><b>Président :</b> L&rsquo;honorable Sr. Don Juan María Aburto Rique</li>
<li><b>Premier Vice-président :</b> Doña Clara Valtueña Heredia</li>
<li><b>Vice-président Adjoint :</b> Doña Kontxi Claver Zurro</li>
</ul>
<h2>Membres</h2>
<ul>
<li>Don Asier Abaunza Robles</li>
<li>Doña Marta Ajuria Arribas</li>
<li>Doña Yolanda Díez Sáinz</li>
<li>Don Javier Garcinuño Zabala</li>
<li>Doña María José Peréz Ruiz</li>
<li>Doña Laura Torre Álvarez</li>
<li>Doña María Isabel Balbuena Jiménez</li>
</ul>
<p>&nbsp;</p>
<hr />
<h2></h2>
<ul>
<li><strong>Secrétaire:</strong> Don Gonzalo Ruiz de Aizpuru</li>
<li><strong>Directeur General:</strong> Don Aitor Argote Ibáñez</li>
</ul>

<p>Conseil d&rsquo;administration &nbsp; Président : L&rsquo;honorable Sr. Don Juan María Aburto Rique Premier Vice-président : Doña Clara Valtueña Heredia Vice-président Adjoint : Doña Kontxi Claver Zurro Membres Don Asier Abaunza [&hellip;]</p>

<!-- This site is optimized with the Yoast SEO plugin v19.3 - https://yoast.com/wordpress/plugins/seo/ -->
<title>Conseil d’Administration - Mercabilbao</title>
<meta name="robots" content="index, follow, max-snippet:-1, max-image-preview:large, max-video-preview:-1" />
<link rel="canonical" href="https://www.mercabilbao.eus/fr/presentation/conseil-dadministration/" />
<meta property="og:locale" content="fr_FR" />
<meta property="og:type" content="article" />
<meta property="og:title" content="Conseil d’Administration - Mercabilbao" />
<meta property="og:description" content="Conseil d&rsquo;administration &nbsp; Président : L&rsquo;honorable Sr. Don Juan María Aburto Rique Premier Vice-président : Doña Clara Valtueña Heredia Vice-président Adjoint : Doña Kontxi Claver Zurro Membres Don Asier Abaunza [&hellip;]" />
<meta property="og:url" content="https://www.mercabilbao.eus/fr/presentation/conseil-dadministration/" />
<meta property="og:site_name" content="Mercabilbao" />
<meta property="article:modified_time" content="2026-03-24T12:35:44+00:00" />
<meta property="og:image" content="https://www.mercabilbao.eus/wp-content/uploads/2023/03/Organos-FR.png" />
<meta name="twitter:card" content="summary_large_image" />
<meta name="twitter:label1" content="Durée de lecture estimée" />
	<meta name="twitter:data1" content="1 minute" />
<script type="application/ld+json" class="yoast-schema-graph">{"@context":"https://schema.org","@graph":[{"@type":"WebSite","@id":"https://www.mercabilbao.eus/fr/#website","url":"https://www.mercabilbao.eus/fr/","name":"Mercabilbao","description":"Mercabilbao es el mayor centro de distribución de alimentos perecederos del Norte de la Península Ibérica.","potentialAction":[{"@type":"SearchAction","target":{"@type":"EntryPoint","urlTemplate":"https://www.mercabilbao.eus/fr/?s={search_term_string}"},"query-input":"required name=search_term_string"}],"inLanguage":"fr-FR"},{"@type":"ImageObject","inLanguage":"fr-FR","@id":"https://www.mercabilbao.eus/fr/presentation/conseil-dadministration/#primaryimage","url":"https://www.mercabilbao.eus/wp-content/uploads/2023/03/Organos-FR.png","contentUrl":"https://www.mercabilbao.eus/wp-content/uploads/2023/03/Organos-FR.png","width":885,"height":610},{"@type":"WebPage","@id":"https://www.mercabilbao.eus/fr/presentation/conseil-dadministration/","url":"https://www.mercabilbao.eus/fr/presentation/conseil-dadministration/","name":"Conseil d’Administration - Mercabilbao","isPartOf":{"@id":"https://www.mercabilbao.eus/fr/#website"},"primaryImageOfPage":{"@id":"https://www.mercabilbao.eus/fr/presentation/conseil-dadministration/#primaryimage"},"datePublished":"2018-01-11T12:05:55+00:00","dateModified":"2026-03-24T12:35:44+00:00","breadcrumb":{"@id":"https://www.mercabilbao.eus/fr/presentation/conseil-dadministration/#breadcrumb"},"inLanguage":"fr-FR","potentialAction":[{"@type":"ReadAction","target":["https://www.mercabilbao.eus/fr/presentation/conseil-dadministration/"]}]},{"@type":"BreadcrumbList","@id":"https://www.mercabilbao.eus/fr/presentation/conseil-dadministration/#breadcrumb","itemListElement":[{"@type":"ListItem","position":1,"name":"Portada","item":"https://www.mercabilbao.eus/fr/"},{"@type":"ListItem","position":2,"name":"Présentation","item":"https://www.mercabilbao.eus/fr/presentation/"},{"@type":"ListItem","position":3,"name":"Conseil d’Administration"}]}]}</script>
<!-- / Yoast SEO plugin. -->

Conseil d&rsquo;administration &nbsp; Président : L&rsquo;honorable Sr. Don Juan María Aburto Rique Premier Vice-président : Doña Clara Valtueña Heredia Vice-président Adjoint : Doña Kontxi Claver Zurro Membres Don Asier Abaunza [&hellip;]

Mercabilbao es el mayor centro de distribución de alimentos perecederos del Norte de la Península Ibérica.

Présentation
