{"id":1689,"date":"2018-01-15T10:20:49","date_gmt":"2018-01-15T10:20:49","guid":{"rendered":"https:\/\/www.mercabilbao.eus\/service-a-la-clientele\/"},"modified":"2020-03-23T15:11:47","modified_gmt":"2020-03-23T14:11:47","slug":"service-a-la-clientele","status":"publish","type":"page","link":"https:\/\/www.mercabilbao.eus\/fr\/information-pratique\/service-a-la-clientele\/","title":{"rendered":"Service \u00e0 la Client\u00e8le"},"content":{"rendered":"<p class=\"text-left\">Les activit\u00e9s de service \u00e0 la client\u00e8le concernent tous les services propos\u00e9s par MERCABILBAO.<\/p>\n<p class=\"text-left\">La responsabilit\u00e9 de MERCABILBAO en mati\u00e8re de Qualit\u00e9, d\u2019Environnement et de S\u00e9curit\u00e9 ne se limite pas \u00e0 la location d\u2019emplacements, la conservation de fruits dans la chambre froide\u2026 L\u2019engagement vis-\u00e0-vis du client va bien au-del\u00e0, et se poursuit \u00e0 travers les activit\u00e9s suivantes :<\/p>\n<h2>Service \u00e0 la client\u00e8le<\/h2>\n<p class=\"text-left\">MERCABILBAO dispose des services suivants :<\/p>\n<ul class=\"ul-margin-left\">\n<li>Entretien des installations<\/li>\n<li>Service de r\u00e9paration<\/li>\n<li>Service de surveillance.<\/li>\n<\/ul>\n<h2>Traitement des r\u00e9clamations<\/h2>\n<p class=\"text-left\">MERCABILBAO dispose \u00e9galement d\u2019un syst\u00e8me de traitement des r\u00e9clamations qui pourraient \u00eatre pr\u00e9sent\u00e9es, soit sous forme individuelle, soit par le biais du Comit\u00e9 d\u2019Assistance Sociale. Dans le cas d\u2019une r\u00e9clamation individuelle, tout employ\u00e9 de MERCABILBAO aidera le client en remplissant le formulaire correspondant et le fera parvenir au Responsable du D\u00e9partement mis en cause par la r\u00e9clamation. Celui-ci remettra un rapport pr\u00e9liminaire au Directeur G\u00e9n\u00e9ral qui d\u00e9cidera si la requ\u00eate doit suivre la proc\u00e9dure de r\u00e9paration et\/ou de pr\u00e9vention. Dans tous les cas, le responsable du D\u00e9partement fera conna\u00eetre, par \u00e9crit, le r\u00e9sultat de la requ\u00eate au plaignant.<\/p>\n","protected":false},"excerpt":{"rendered":"<p>Les activit\u00e9s de service \u00e0 la client\u00e8le concernent tous les services propos\u00e9s par MERCABILBAO. La responsabilit\u00e9 de MERCABILBAO en mati\u00e8re de Qualit\u00e9, d\u2019Environnement et de S\u00e9curit\u00e9 ne se limite pas [&hellip;]<\/p>\n","protected":false},"author":1,"featured_media":0,"parent":1644,"menu_order":100,"comment_status":"closed","ping_status":"closed","template":"page-sidebar.php","meta":{"footnotes":""},"class_list":["post-1689","page","type-page","status-publish","hentry"],"yoast_head":"<!-- This site is optimized with the Yoast SEO plugin v19.3 - https:\/\/yoast.com\/wordpress\/plugins\/seo\/ -->\n<title>Service \u00e0 la Client\u00e8le - Mercabilbao<\/title>\n<meta name=\"description\" content=\"Les activit\u00e9s de service \u00e0 la client\u00e8le concernent tous les services propos\u00e9s par MERCABILBAO. La responsabilit\u00e9 de MERCABILBAO en mati\u00e8re de Qualit\u00e9, d\u2019Environnement et de S\u00e9curit\u00e9 ne se limite pas \u00e0 la location d\u2019emplacements, la conservation de fruits dans la chambre froide\u2026 L\u2019engagement vis-\u00e0-vis du client va bien\" \/>\n<meta name=\"robots\" content=\"index, follow, max-snippet:-1, max-image-preview:large, max-video-preview:-1\" \/>\n<link rel=\"canonical\" href=\"https:\/\/www.mercabilbao.eus\/fr\/information-pratique\/service-a-la-clientele\/\" \/>\n<meta property=\"og:locale\" content=\"fr_FR\" \/>\n<meta property=\"og:type\" content=\"article\" \/>\n<meta property=\"og:title\" content=\"Service \u00e0 la Client\u00e8le - Mercabilbao\" \/>\n<meta property=\"og:description\" content=\"Les activit\u00e9s de service \u00e0 la client\u00e8le concernent tous les services propos\u00e9s par MERCABILBAO. La responsabilit\u00e9 de MERCABILBAO en mati\u00e8re de Qualit\u00e9, d\u2019Environnement et de S\u00e9curit\u00e9 ne se limite pas \u00e0 la location d\u2019emplacements, la conservation de fruits dans la chambre froide\u2026 L\u2019engagement vis-\u00e0-vis du client va bien\" \/>\n<meta property=\"og:url\" content=\"https:\/\/www.mercabilbao.eus\/fr\/information-pratique\/service-a-la-clientele\/\" \/>\n<meta property=\"og:site_name\" content=\"Mercabilbao\" \/>\n<meta property=\"article:modified_time\" content=\"2020-03-23T14:11:47+00:00\" \/>\n<meta name=\"twitter:card\" content=\"summary_large_image\" \/>\n<meta name=\"twitter:label1\" content=\"Dur\u00e9e de lecture estim\u00e9e\" \/>\n\t<meta name=\"twitter:data1\" content=\"1 minute\" \/>\n<script type=\"application\/ld+json\" class=\"yoast-schema-graph\">{\"@context\":\"https:\/\/schema.org\",\"@graph\":[{\"@type\":\"WebSite\",\"@id\":\"https:\/\/www.mercabilbao.eus\/fr\/#website\",\"url\":\"https:\/\/www.mercabilbao.eus\/fr\/\",\"name\":\"Mercabilbao\",\"description\":\"Mercabilbao es el mayor centro de distribuci\u00f3n de alimentos perecederos del Norte de la Pen\u00ednsula Ib\u00e9rica.\",\"potentialAction\":[{\"@type\":\"SearchAction\",\"target\":{\"@type\":\"EntryPoint\",\"urlTemplate\":\"https:\/\/www.mercabilbao.eus\/fr\/?s={search_term_string}\"},\"query-input\":\"required name=search_term_string\"}],\"inLanguage\":\"fr-FR\"},{\"@type\":\"WebPage\",\"@id\":\"https:\/\/www.mercabilbao.eus\/fr\/information-pratique\/service-a-la-clientele\/\",\"url\":\"https:\/\/www.mercabilbao.eus\/fr\/information-pratique\/service-a-la-clientele\/\",\"name\":\"Service \u00e0 la Client\u00e8le - Mercabilbao\",\"isPartOf\":{\"@id\":\"https:\/\/www.mercabilbao.eus\/fr\/#website\"},\"datePublished\":\"2018-01-15T10:20:49+00:00\",\"dateModified\":\"2020-03-23T14:11:47+00:00\",\"description\":\"Les activit\u00e9s de service \u00e0 la client\u00e8le concernent tous les services propos\u00e9s par MERCABILBAO. La responsabilit\u00e9 de MERCABILBAO en mati\u00e8re de Qualit\u00e9, d\u2019Environnement et de S\u00e9curit\u00e9 ne se limite pas \u00e0 la location d\u2019emplacements, la conservation de fruits dans la chambre froide\u2026 L\u2019engagement vis-\u00e0-vis du client va bien\",\"breadcrumb\":{\"@id\":\"https:\/\/www.mercabilbao.eus\/fr\/information-pratique\/service-a-la-clientele\/#breadcrumb\"},\"inLanguage\":\"fr-FR\",\"potentialAction\":[{\"@type\":\"ReadAction\",\"target\":[\"https:\/\/www.mercabilbao.eus\/fr\/information-pratique\/service-a-la-clientele\/\"]}]},{\"@type\":\"BreadcrumbList\",\"@id\":\"https:\/\/www.mercabilbao.eus\/fr\/information-pratique\/service-a-la-clientele\/#breadcrumb\",\"itemListElement\":[{\"@type\":\"ListItem\",\"position\":1,\"name\":\"Portada\",\"item\":\"https:\/\/www.mercabilbao.eus\/fr\/\"},{\"@type\":\"ListItem\",\"position\":2,\"name\":\"Information pratique\",\"item\":\"https:\/\/www.mercabilbao.eus\/fr\/information-pratique\/\"},{\"@type\":\"ListItem\",\"position\":3,\"name\":\"Service \u00e0 la Client\u00e8le\"}]}]}<\/script>\n<!-- \/ Yoast SEO plugin. -->","yoast_head_json":{"title":"Service \u00e0 la Client\u00e8le - Mercabilbao","description":"Les activit\u00e9s de service \u00e0 la client\u00e8le concernent tous les services propos\u00e9s par MERCABILBAO. La responsabilit\u00e9 de MERCABILBAO en mati\u00e8re de Qualit\u00e9, d\u2019Environnement et de S\u00e9curit\u00e9 ne se limite pas \u00e0 la location d\u2019emplacements, la conservation de fruits dans la chambre froide\u2026 L\u2019engagement vis-\u00e0-vis du client va bien","robots":{"index":"index","follow":"follow","max-snippet":"max-snippet:-1","max-image-preview":"max-image-preview:large","max-video-preview":"max-video-preview:-1"},"canonical":"https:\/\/www.mercabilbao.eus\/fr\/information-pratique\/service-a-la-clientele\/","og_locale":"fr_FR","og_type":"article","og_title":"Service \u00e0 la Client\u00e8le - Mercabilbao","og_description":"Les activit\u00e9s de service \u00e0 la client\u00e8le concernent tous les services propos\u00e9s par MERCABILBAO. La responsabilit\u00e9 de MERCABILBAO en mati\u00e8re de Qualit\u00e9, d\u2019Environnement et de S\u00e9curit\u00e9 ne se limite pas \u00e0 la location d\u2019emplacements, la conservation de fruits dans la chambre froide\u2026 L\u2019engagement vis-\u00e0-vis du client va bien","og_url":"https:\/\/www.mercabilbao.eus\/fr\/information-pratique\/service-a-la-clientele\/","og_site_name":"Mercabilbao","article_modified_time":"2020-03-23T14:11:47+00:00","twitter_card":"summary_large_image","twitter_misc":{"Dur\u00e9e de lecture estim\u00e9e":"1 minute"},"schema":{"@context":"https:\/\/schema.org","@graph":[{"@type":"WebSite","@id":"https:\/\/www.mercabilbao.eus\/fr\/#website","url":"https:\/\/www.mercabilbao.eus\/fr\/","name":"Mercabilbao","description":"Mercabilbao es el mayor centro de distribuci\u00f3n de alimentos perecederos del Norte de la Pen\u00ednsula Ib\u00e9rica.","potentialAction":[{"@type":"SearchAction","target":{"@type":"EntryPoint","urlTemplate":"https:\/\/www.mercabilbao.eus\/fr\/?s={search_term_string}"},"query-input":"required name=search_term_string"}],"inLanguage":"fr-FR"},{"@type":"WebPage","@id":"https:\/\/www.mercabilbao.eus\/fr\/information-pratique\/service-a-la-clientele\/","url":"https:\/\/www.mercabilbao.eus\/fr\/information-pratique\/service-a-la-clientele\/","name":"Service \u00e0 la Client\u00e8le - Mercabilbao","isPartOf":{"@id":"https:\/\/www.mercabilbao.eus\/fr\/#website"},"datePublished":"2018-01-15T10:20:49+00:00","dateModified":"2020-03-23T14:11:47+00:00","description":"Les activit\u00e9s de service \u00e0 la client\u00e8le concernent tous les services propos\u00e9s par MERCABILBAO. La responsabilit\u00e9 de MERCABILBAO en mati\u00e8re de Qualit\u00e9, d\u2019Environnement et de S\u00e9curit\u00e9 ne se limite pas \u00e0 la location d\u2019emplacements, la conservation de fruits dans la chambre froide\u2026 L\u2019engagement vis-\u00e0-vis du client va bien","breadcrumb":{"@id":"https:\/\/www.mercabilbao.eus\/fr\/information-pratique\/service-a-la-clientele\/#breadcrumb"},"inLanguage":"fr-FR","potentialAction":[{"@type":"ReadAction","target":["https:\/\/www.mercabilbao.eus\/fr\/information-pratique\/service-a-la-clientele\/"]}]},{"@type":"BreadcrumbList","@id":"https:\/\/www.mercabilbao.eus\/fr\/information-pratique\/service-a-la-clientele\/#breadcrumb","itemListElement":[{"@type":"ListItem","position":1,"name":"Portada","item":"https:\/\/www.mercabilbao.eus\/fr\/"},{"@type":"ListItem","position":2,"name":"Information pratique","item":"https:\/\/www.mercabilbao.eus\/fr\/information-pratique\/"},{"@type":"ListItem","position":3,"name":"Service \u00e0 la Client\u00e8le"}]}]}},"_links":{"self":[{"href":"https:\/\/www.mercabilbao.eus\/fr\/wp-json\/wp\/v2\/pages\/1689","targetHints":{"allow":["GET"]}}],"collection":[{"href":"https:\/\/www.mercabilbao.eus\/fr\/wp-json\/wp\/v2\/pages"}],"about":[{"href":"https:\/\/www.mercabilbao.eus\/fr\/wp-json\/wp\/v2\/types\/page"}],"author":[{"embeddable":true,"href":"https:\/\/www.mercabilbao.eus\/fr\/wp-json\/wp\/v2\/users\/1"}],"replies":[{"embeddable":true,"href":"https:\/\/www.mercabilbao.eus\/fr\/wp-json\/wp\/v2\/comments?post=1689"}],"version-history":[{"count":1,"href":"https:\/\/www.mercabilbao.eus\/fr\/wp-json\/wp\/v2\/pages\/1689\/revisions"}],"predecessor-version":[{"id":2581,"href":"https:\/\/www.mercabilbao.eus\/fr\/wp-json\/wp\/v2\/pages\/1689\/revisions\/2581"}],"up":[{"embeddable":true,"href":"https:\/\/www.mercabilbao.eus\/fr\/wp-json\/wp\/v2\/pages\/1644"}],"wp:attachment":[{"href":"https:\/\/www.mercabilbao.eus\/fr\/wp-json\/wp\/v2\/media?parent=1689"}],"curies":[{"name":"wp","href":"https:\/\/api.w.org\/{rel}","templated":true}]}}

Service à la Clientèle

<p class="text-left">Les activités de service à la clientèle concernent tous les services proposés par MERCABILBAO.</p>
<p class="text-left">La responsabilité de MERCABILBAO en matière de Qualité, d’Environnement et de Sécurité ne se limite pas à la location d’emplacements, la conservation de fruits dans la chambre froide… L’engagement vis-à-vis du client va bien au-delà, et se poursuit à travers les activités suivantes :</p>
<h2>Service à la clientèle</h2>
<p class="text-left">MERCABILBAO dispose des services suivants :</p>
<ul class="ul-margin-left">
<li>Entretien des installations</li>
<li>Service de réparation</li>
<li>Service de surveillance.</li>
</ul>
<h2>Traitement des réclamations</h2>
<p class="text-left">MERCABILBAO dispose également d’un système de traitement des réclamations qui pourraient être présentées, soit sous forme individuelle, soit par le biais du Comité d’Assistance Sociale. Dans le cas d’une réclamation individuelle, tout employé de MERCABILBAO aidera le client en remplissant le formulaire correspondant et le fera parvenir au Responsable du Département mis en cause par la réclamation. Celui-ci remettra un rapport préliminaire au Directeur Général qui décidera si la requête doit suivre la procédure de réparation et/ou de prévention. Dans tous les cas, le responsable du Département fera connaître, par écrit, le résultat de la requête au plaignant.</p>

<p>Les activités de service à la clientèle concernent tous les services proposés par MERCABILBAO. La responsabilité de MERCABILBAO en matière de Qualité, d’Environnement et de Sécurité ne se limite pas [&hellip;]</p>

<!-- This site is optimized with the Yoast SEO plugin v19.3 - https://yoast.com/wordpress/plugins/seo/ -->
<title>Service à la Clientèle - Mercabilbao</title>
<meta name="description" content="Les activités de service à la clientèle concernent tous les services proposés par MERCABILBAO. La responsabilité de MERCABILBAO en matière de Qualité, d’Environnement et de Sécurité ne se limite pas à la location d’emplacements, la conservation de fruits dans la chambre froide… L’engagement vis-à-vis du client va bien" />
<meta name="robots" content="index, follow, max-snippet:-1, max-image-preview:large, max-video-preview:-1" />
<link rel="canonical" href="https://www.mercabilbao.eus/fr/information-pratique/service-a-la-clientele/" />
<meta property="og:locale" content="fr_FR" />
<meta property="og:type" content="article" />
<meta property="og:title" content="Service à la Clientèle - Mercabilbao" />
<meta property="og:description" content="Les activités de service à la clientèle concernent tous les services proposés par MERCABILBAO. La responsabilité de MERCABILBAO en matière de Qualité, d’Environnement et de Sécurité ne se limite pas à la location d’emplacements, la conservation de fruits dans la chambre froide… L’engagement vis-à-vis du client va bien" />
<meta property="og:url" content="https://www.mercabilbao.eus/fr/information-pratique/service-a-la-clientele/" />
<meta property="og:site_name" content="Mercabilbao" />
<meta property="article:modified_time" content="2020-03-23T14:11:47+00:00" />
<meta name="twitter:card" content="summary_large_image" />
<meta name="twitter:label1" content="Durée de lecture estimée" />
	<meta name="twitter:data1" content="1 minute" />
<script type="application/ld+json" class="yoast-schema-graph">{"@context":"https://schema.org","@graph":[{"@type":"WebSite","@id":"https://www.mercabilbao.eus/fr/#website","url":"https://www.mercabilbao.eus/fr/","name":"Mercabilbao","description":"Mercabilbao es el mayor centro de distribución de alimentos perecederos del Norte de la Península Ibérica.","potentialAction":[{"@type":"SearchAction","target":{"@type":"EntryPoint","urlTemplate":"https://www.mercabilbao.eus/fr/?s={search_term_string}"},"query-input":"required name=search_term_string"}],"inLanguage":"fr-FR"},{"@type":"WebPage","@id":"https://www.mercabilbao.eus/fr/information-pratique/service-a-la-clientele/","url":"https://www.mercabilbao.eus/fr/information-pratique/service-a-la-clientele/","name":"Service à la Clientèle - Mercabilbao","isPartOf":{"@id":"https://www.mercabilbao.eus/fr/#website"},"datePublished":"2018-01-15T10:20:49+00:00","dateModified":"2020-03-23T14:11:47+00:00","description":"Les activités de service à la clientèle concernent tous les services proposés par MERCABILBAO. La responsabilité de MERCABILBAO en matière de Qualité, d’Environnement et de Sécurité ne se limite pas à la location d’emplacements, la conservation de fruits dans la chambre froide… L’engagement vis-à-vis du client va bien","breadcrumb":{"@id":"https://www.mercabilbao.eus/fr/information-pratique/service-a-la-clientele/#breadcrumb"},"inLanguage":"fr-FR","potentialAction":[{"@type":"ReadAction","target":["https://www.mercabilbao.eus/fr/information-pratique/service-a-la-clientele/"]}]},{"@type":"BreadcrumbList","@id":"https://www.mercabilbao.eus/fr/information-pratique/service-a-la-clientele/#breadcrumb","itemListElement":[{"@type":"ListItem","position":1,"name":"Portada","item":"https://www.mercabilbao.eus/fr/"},{"@type":"ListItem","position":2,"name":"Information pratique","item":"https://www.mercabilbao.eus/fr/information-pratique/"},{"@type":"ListItem","position":3,"name":"Service à la Clientèle"}]}]}</script>
<!-- / Yoast SEO plugin. -->

Service à la Clientèle - Mercabilbao

Les activités de service à la clientèle concernent tous les services proposés par MERCABILBAO. La responsabilité de MERCABILBAO en matière de Qualité, d’Environnement et de Sécurité ne se limite pas à la location d’emplacements, la conservation de fruits dans la chambre froide… L’engagement vis-à-vis du client va bien

Mercabilbao es el mayor centro de distribución de alimentos perecederos del Norte de la Península Ibérica.
